 4*o, -11 = -2*a - 2*o + 7*o. Calculate the remainder when w(5) is divided by 1/a + (-44)/(-3).
12
Let n(b) = -b**2 + 12*b - 15. Let l be n(10). Let j be (1/(-2))/(l/(-170)). Let t = j + -5. Calculate the remainder when 34 is divided by t.
10
Suppose p + 5*c + 4 - 14 = 0, -4*p + 40 = c. Suppose 0 = b + b - 12. What is the remainder when p is divided by b?
4
Let w = -295 + 356. Calculate the remainder when w is divided by 15.
1
Let h = 32 + 15. Let s = 59 - -29. Suppose 5*z + 28 - s = 0. Calculate the remainder when h is divided by z.
11
Let r = -948 - -990. What is the remainder when 98 is divided by r?
14
What is the remainder when -4 + 10 - 4/(8/(-2542)) is divided by 20?
17
Calculate the remainder when 3/(-12)*-421 - (-2)/(-8) is divided by 11.
6
Suppose 3*k = w - 282, 0 = -4*w - w + 2*k + 1358. What is the remainder when w is divided by 91?
88
Suppose -313*x - 630 = -328*x. What is the remainder when 544 is divided by x?
40
Suppose t + 0*h + 3 = -h, -3*h = 5*t + 5. Suppose -17 = -t*i + l + 3, -2*l = 5*i - 32. Calculate the remainder when i is divided by 4.
0
Suppose 20*k - 15120 = 8*k. Suppose 0 = 13*o - 18*o + k. Calculate the remainder when o is divided by 51.
48
Suppose -2*v - 5*p + 4 = -0*v, 4*v - 52 = p. Suppose 5*w = 2*w. Suppose w = -5*b + 161 + 64. Calculate the remainder when b is divided by v.
9
Suppose 8*h = 3*h + 20. Suppose -30 - 50 = -h*p. Calculate the remainder when p is divided by 50/(-200) - (-87)/12.
6
Let z = 126 + -122. Suppose -z*f = -4*j + 204, -4 - 197 = -4*j + 5*f. What is the remainder when j is divided by 15?
9
Suppose 480 - 171 = 3*w. Let i(m) = m**3 - 16*m**2 + 2*m - 11. What is the remainder when w is divided by i(16)?
19
Let x be 4/10 + 618/5. Let t = 88 - x. Let g = 57 + t. What is the remainder when 60 is divided by g?
18
Let z(h) = 3*h**2 - 16*h + 30. Calculate the remainder when 75 is divided by z(6).
33
Let o = -1 - 0. Let f = 6 + o. Calculate the remainder when 17 is divided by f.
2
Let o = -735 + 824. Calculate the remainder when 343 is divided by o.
76
Suppose 0*c = i - c - 38, -3*i = 5*c - 106. Let t = -44 + 43. Let a(g) = 145*g**2 - 4*g - 3. What is the remainder when a(t) is divided by i?
35
Suppose r = 5*l - 159, -l - 2*l + 91 = -5*r. Calculate the remainder when ((-162)/(-36))/(-9) - 506/(-4) is divided by l.
30
Let z be 44/154 + (-1256)/(-14). Let p = z + -46. Let t = 26 + -11. Calculate the remainder when p is divided by t.
14
Let v(k) be the third derivative of -k**4/12 - 4*k**3/3 - 5*k**2. Let f be v(-4). What is the remainder when 107 is divided by 29 + (-1 - 1) - f?
26
Let c(f) = -6*f + 1. Let r be c(1). Let t = 11 + r. Let b = 4 + t. What is the remainder when 37 is divided by b?
7
Suppose -5*l + 68 + 22 = 2*q, 4*l - 72 = 2*q. What is the remainder when 64 is divided by l?
10
Suppose -l = 2*a + 3*l + 24, 3*l = 2*a + 24. Let w be (9/a)/(3/12). Calculate the remainder when 3 + (-12)/w + -1 is divided by 4.
2
Let s = 12 - 9. Suppose 2*t = -s*t. Suppose 0 = -4*c + m + 95, 0 = -t*m - 2*m + 10. What is the remainder when c is divided by 7?
4
Let v(d) = -d**3 - d**2 + d. Calculate the remainder when v(-5) is divided by (-6 - -3 - -5)*12.
23
Suppose 4*u = 0, 2*g - 5*g = -5*u. Suppose -l + 2*t + 42 = -3*t, -l - 2*t + 56 = g. What is the remainder when l is divided by 27/2*4/3?
16
Suppose -7*l = -6*l - 5*s - 108, -567 = -5*l - 2*s. Calculate the remainder when l is divided by 58.
55
Let m(v) = -v**3 - 24*v**2 - 25*v - 29. Suppose 0 = -4*n + 9*n + 115. Calculate the remainder when 32 is divided by m(n).
15
Let r = -28 + 60. Suppose 0 = 3*j + 8*j - 594. Let z = j + -43. Calculate the remainder when r is divided by z.
10
Suppose s - 3 = -5*n, 0 = -2*s + 10 - 4. Suppose 6*y + 100 - 292 = n. Calculate the remainder when 95 is divided by y.
31
Let j(y) = -y**3 - 8*y**2 + 5*y + 8. Let n(t) = t**2 + t + 1. Let a(h) = -j(h) - 4*n(h). What is the remainder when 26 is divided by a(-5)?
2
Suppose -2*s = 548 - 638. Calculate the remainder when s is divided by 14.
3
Let h(v) = -v**2 - 19*v - 8. Suppose q = 2*k + 35, 2*q + 0*q = 3*k + 51. Let l be h(k). What is the remainder when 12/l*2 + 62 is divided by 12?
11
Suppose -2*s = 3 - 11. Suppose -3*l - 7 = 3*n - 67, 74 = s*n - 2*l. Let d(t) = -t**2 + 27*t - 15. What is the remainder when n is divided by d(26)?
8
Let a be (-1)/(-4 + 247/62). Let k = 77 + -12. Suppose -3*r + 5*r = -4*d + a, k = 2*r + d. Calculate the remainder when r is divided by 18.
15
Suppose 13*g = 9*g. Suppose -5*k + 4*k - i - 5 = g, -29 = 4*k - 5*i. Calculate the remainder when 0 + 3 + k + 18 is divided by 8.
7
Calculate the remainder when (-1 - 1)*11/(-2) is divided by (-1539)/114*(-4)/18.
2
Let d = -55 - -68. Let k(i) = -i**3 + 6*i**2 - 4*i - 6. Let b be k(5). Calculate the remainder when 2 - (1*-22 + b) is divided by d.
12
Let z(u) = 19*u**3. Suppose 0 = 6*q - 2*q + 4, -39 = -4*j - q. What is the remainder when z(1) is divided by j?
9
Suppose -2*v - 3*x + 42 = 0, 2*v - 5*v + 3*x = -48. Let z = -504 - -556. Calculate the remainder when z is divided by v.
16
Let h = -9 - -10. Let c be ((-1)/2)/(h/4). Let d(l) = l**2. Calculate the remainder when 11 is divided by d(c).
3
Let o be (4/(-5))/((-32)/1840). Let j = -27 + o. Let y = 92 + -36. Calculate the remainder when y is divided by j.
18
Let g = -12 + 15. Let v(f) = -2*f**2 + 5*f**2 + g*f - 4*f**2 - 12 + 7*f. What is the remainder when v(7) is divided by 5?
4
Let m(n) = -7*n - 33. Suppose -4*r - 163 = -3*v, -r + 251 = 3*v + 63. What is the remainder when v is divided by m(-8)?
15
Suppose 2*w = -4*d + 162, 3*d + 2*d + w - 195 = 0. Let p(j) = j**2 + j + 2. What is the remainder when d is divided by p(-3)?
6
Suppose 3*q - z - 112 = 3*z, q - 42 = -z. Suppose -9*m + 211 = -500. Calculate the remainder when m is divided by q.
39
Let v(y) = -y - 2. Let g be v(-8). Suppose g*p - 52 = 2*p. What is the remainder when 47 is divided by p?
8
Let s = 986 - 980. Calculate the remainder when 71 is divided by s.
5
Suppose -3*d - d + 70 = -2*l, 2*d - 2*l = 38. Suppose u - 20 = 5*u. Let y(a) = a**2 - 3*a + 5. Calculate the remainder when y(u) is divided by d.
13
Suppose -3*k + 240 = 12*k. Let d(q) = -7*q + 9. What is the remainder when d(-10) is divided by k?
15
Let y be (0 - 2) + (2 - -15). Let s(t) = -3*t + t**2 + 2 - 24 - 6*t - 4*t. Calculate the remainder when 31 is divided by s(y).
7
Suppose 2*y + 2*y - 44 = 0. Suppose 0 = 3*s + 1 - 10. Suppose -s*l + 270 = 2*l. Calculate the remainder when l is divided by y.
10
Let z(k) = 4*k - 4*k + 5*k**3. Let p be z(1). Suppose 5*s + p*y = 90, -5*y = 2*s - y - 42. Calculate the remainder when 44 is divided by s.
14
Suppose 10*v + 5 - 95 = 0. Calculate the remainder when 149 is divided by v.
5
Let p be (-2)/(-11) + (-348)/(-22). Suppose 11*r - 26 = -4. Suppose -r*u + p = -4. What is the remainder when u is divided by 8?
2
Suppose 3*z = 0, 2*z = 5*y + 6*z - 350. Calculate the remainder when y is divided by 10.
0
Let j(f) = 21 + 0*f - 5 + 0*f - f. Let w be j(12). Let d(o) = o**2 + 3*o - 2. Calculate the remainder when d(w) is divided by 9.
8
Let d = 74 + -38. Let g = -3 - -146. What is the remainder when g is divided by d?
35
Let i = 67 - 17. Let c = -3 - -5. Suppose 4*u + 5*l + 21 = 99, 42 = c*u + 4*l. What is the remainder when i is divided by u?
16
Suppose -38*n = -82*n + 7744. Calculate the remainder when n is divided by 80.
16
Suppose 65 = 3*w + 56, 3*b + 2*w = 99. Calculate the remainder when b is divided by 24.
7
Suppose -2*v = 4*k - 0*k - 4, -3*v + 2 = 2*k. Suppose -k = -m + 3. Calculate the remainder when 2*2/4*11 is divided by m.
3
Suppose 0 = -5*s - 3*i + 132 + 101, -3*s + 151 = -i. What is the remainder when s is divided by 25?
24
Let v = -416 + 539. Calculate the remainder when v is divided by 63.
60
Let l(d) = -d**3 - 11*d**2 + 12*d - 10. Let f be 2/(-9) + 212/(-18). Let q be l(f). Let o = 12 + q. Calculate the remainder when 3 is divided by o.
1
Suppose 2*w - 15 = q, -w + 5*q + 0 = -30. Let f(z) = z**3 - 2*z**2 + 3. What is the remainder when f(w) is divided by 20?
18
Suppose -4*p = -60 + 12. Let s = -38 + 133. What is the remainder when 5491/s + 2/10 is divided by p?
10
Let q(o) = 24*o**2 + 20*o + 81. What is the remainder when q(-5) is divided by 53?
51
Suppose -1833 - 1719 = -48*s. Suppose 5*p + 13 = y -